Let a(z) be the third derivative of z**6/120 + z**5/10 - 7*z**4/24 - 3*z**3/2 + z**2. Give a(-7).
-9
Suppose -4*z + 28 = -2*d, 5*z + 18 = -5*d + 2*z. Let c(i) = -i**2 - 6*i - 5. Let w be c(-4). Let o(p) = -4*p - w*p + 0*p + 0*p - 5 - p**2. Determine o(d).
1
Suppose 5*q = 4*u - 37, 2*u - 2 + 6 = -2*q. Let o be (1 + 1)*u/(-2). Let x = -1 - o. Let h(t) = 2*t**3 - 3*t**2 + 3*t - 2. Give h(x).
8
Let s be 2/1 - 0/(-13). Let n(l) = -2*l**2 + 2. Calculate n(s).
-6
Let y(f) = -f - 1. Let j(z) = z**2 + 5*z. Let v(g) = j(g) + y(g). Determine v(-6).
11
Let n(i) = 2*i + 12. Let h = -21 - -13. Determine n(h).
-4
Suppose l + d - 4 = 0, 2*d - 14 = -5*l + 3*d. Let i(k) = 2*k**2 - 1 - 5*k**2 - k**l + 5*k + 0*k. Let r be i(-4). Let x(c) = c**2 + 7*c + 6. What is x(r)?
-4
Let i(g) be the first derivative of -1/3*g**3 + 1 - g + 3/2*g**2. Let x = -18 + 20. Determine i(x).
1
Let i(x) = x**3 - 4*x**2 + 3*x. Let n = 13 - 9. Let v = -2 + n. What is i(v)?
-2
Let n = -4 - -6. Let z(g) = 4 - 2 - g**n - 5 + 5*g. Let o be z(5). Let s(j) = 2*j + 3. Determine s(o).
-3
Let f(k) be the first derivative of -k**4/4 + k**2/2 + 4*k - 6. Determine f(0).
4
Suppose -4*n = 4*c - 20, 0 = -4*c + 3*n + 6 - 0. Let a(s) = s**3 - 4*s**2 + 5*s - 2. What is a(c)?
4
Let m(t) = t**2 - 12. Suppose -2*z + 3*z - 5*k = -3, -z - k = -3. Suppose 0 = z*a + a. What is m(a)?
-12
Let n(v) = v + 4. Let q(i) = i - 1. Let g be q(1). Calculate n(g).
4
Let g(l) = -l - 5 + 4 - 2 + 5*l. Determine g(2).
5
Let r = -11 - -45. Let w = r - 10. Let b be -3*(-2 + w/9). Let x(g) = -g**3 + 2*g + 2. Give x(b).
6
Let l(i) = -4*i + 7. Let p = 6 - 8. Let w(y) = -3*y + 7. Let h(r) = p*l(r) + 3*w(r). Give h(5).
2
Let c be 2/8 + 22/8. Let k(u) be the third derivative of -u**4/24 - 2*u**3/3 - 91*u**2. Calculate k(c).
-7
Let u(l) = -5*l**2 - 37*l + 37. Let c(x) = -x**2 - 9*x + 9. Let f(j) = -9*c(j) + 2*u(j). Give f(7).
-7
Suppose c = 2*p + p - 2, 2*p - c = 0. Let q(d) = 3*d**2 + 1. Let u(z) = 12*z**2 + z + 4. Let a(t) = -9*q(t) + 2*u(t). What is a(p)?
-9
Let i(p) be the first derivative of -p**2/2 - p - 6. Let d be i(-6). Let z(u) = u**2 + 2 + 0*u**2 + 4 - 6*u. Give z(d).
1
Let a(z) = 6*z**3. Suppose 8 = -5*w + 3*v, 4*w + 0*v + 3 = -v. Give a(w).
-6
Let n(l) be the second derivative of -l**5/5 + l**4/6 - l**2/2 + l. Suppose -6 = -j - j, 4*s + 8 = 4*j. Calculate n(s).
-3
Let t = -10 - -14. Suppose 3*p - t = -1. Let r(u) = -7*u**3 + u**2 - u + 1. Calculate r(p).
-6
Let i(o) = -5*o + 1. Let q(z) = -z**2 + 4*z + 6. Let y be 6 + 1 + 8/(-4). Let f be q(y). Give i(f).
-4
Let b = 8 - 18. Let f = 7 + b. Let z(t) be the second derivative of t**3/6 + t**2/2 + t. Calculate z(f).
-2
Let k(p) = 8*p + 2*p + 2*p - 2 - 11*p. Calculate k(5).
3
Let b(p) = p**3 - 6*p**2 - 2*p + 7. Let q be b(6). Let o(u) = -u**2 - 2*u + 6. What is o(q)?
-9
Let i(o) = -9*o**2 + 5*o - 25. Let u(k) = -5*k**2 + 3*k - 13. Let f(x) = -6*i(x) + 11*u(x). Calculate f(5).
-3
Let b(k) = k**2 - 7*k - 6. Let d be (0 - -2)/((-7)/(49/(-2))). What is b(d)?
-6
Let s(t) = -9*t**3 + 1. Suppose 4*u + 5*b - 105 = -0*u, 0 = -u - 5*b + 45. Let m = u + -19. What is s(m)?
-8
Let l = 7 + -4. Let f(j) = j**2 - j. Let k(m) = -m**2 - 2*m + 2. Let t(o) = -2*f(o) - k(o). Determine t(l).
1
Let m(w) = -5*w**2 + 4*w - 3. Let t(z) = -5*z**2 + 5*z - 4. Let p(o) = 4*m(o) - 3*t(o). Let c = 4 - 3. What is p(c)?
-4
Let v(a) = -8*a**2 + 2*a - 1. Suppose 2*r - 2*g + 4 = 3*g, -5*g = 2*r - 16. Suppose 0*n - 6 = r*n. Let q = 3 + n. Give v(q).
-7
Suppose 4 = -5*p + 19. Suppose -p*c + 20 = c. Suppose -3*y = 12, c*g = 2*g - 4*y - 16. Let j(z) = -z**2 + 2. What is j(g)?
2
Let z be 42/105 - (-17)/(-5). Let r(k) = k**3 + 3*k**2 - k - 2. Calculate r(z).
1
Let t(s) = -4*s + 1. Let n = -9 + 8. Let o = n - -3. Give t(o).
-7
Let o(c) = c + 3. Suppose -3*b + 2*v = -19, -5*v - 28 = -b - 0*b. Determine o(b).
6
Let y(x) = x**3 - 5*x**2 + 4*x + 5. Suppose 0 = -5*t - 3 + 23. What is y(t)?
5
Let x(k) = -2*k**2 + k. Suppose 4*m - 2 = 2*o, m = -m - 2. Let t = 1 - o. Let c be t/(-14) + (-5)/7. What is x(c)?
-3
Let v(a) = 2*a**2 + 1. Let f be v(-1). Let k(o) = -9*o + 6*o - 6 + o**3 - 2*o**2 + f. Suppose 3*i = i + 6. What is k(i)?
-3
Suppose -4*p - p - 26 = 4*v, -5*p + 2*v - 2 = 0. Suppose w + 4*w = 10. Let r be ((w - 2)/p)/(-1). Let i(z) = z**3 + z**2 + z + 1. Calculate i(r).
1
Let p be ((48/(-21))/(-4))/((-4)/(-14)). Let v(h) be the second derivative of -3/2*h**p + 2*h + 0 - 1/6*h**3. Determine v(-6).
3
Let b(d) = d - 1. Let i be (2/(-4))/((-2)/4). Determine b(i).
0
Let b(q) be the first derivative of -q**3/3 + 2*q**2 + 2*q - 1. Suppose 0 = 2*n - n - 5. Calculate b(n).
-3
Let c = 35 - 42. Let i(b) = b**3 + 8*b**2 + 9*b + 8. Give i(c).
-6
Let j(v) = v**2 + 4*v - 1. Let m(i) = -3*i**3 + 2*i + 1. Let r be m(-1). Suppose -3*l = r*l - 10. Suppose 0*b = l*b + 6. Give j(b).
-4
Suppose 0 = -4*r - 4*i + 12, 2*i + 1 = r - 8. Let m(u) = -5*u - 12. Let k(p) = -4 + 0 - 7 - 4*p. Let s(c) = r*m(c) - 6*k(c). Give s(5).
1
Let p(s) = -3 + 0 + 2 + s**3. Let z(m) = -m**3 + 5*m**2. Let h be z(5). Give p(h).
-1
Let z(c) = c**2 - 5*c + 6. Let b = -102 - -108. Determine z(b).
12
Let m(b) = -b**3 + b**2 + b - 1. Let q = 142 - 139. Give m(q).
-16
Let j = 8 - 6. Suppose m + d = -j*m, 4*d - 12 = 0. Let r(y) be the third derivative of -y**4/24 - y**3/3 + 3*y**2. Give r(m).
-1
Let c(z) = -3*z**2 - 3*z. Suppose -3*f + 30 = 15. Suppose -h = 2*h - 12. Suppose -f*r = 6 + h. Determine c(r).
-6
Let s(d) = d**3 + 3*d + 2. Let l(q) = -q**3 - q**2 - 4*q - 2. Let g(f) = 3*l(f) + 4*s(f). Calculate g(3).
2
Let q(k) = 6*k - 2. Let o(h) = h**3 - 8*h**2 + 5*h + 19. Let z be o(7). What is q(z)?
28
Let x(u) = 3 + 0 + 5*u + 0*u + u**2. Suppose 0 = -6*v + 3*v - 9. Calculate x(v).
-3
Let n(j) = j**2 + 8*j + 6. Let z(g) = g**3 - 8*g**2 - 22*g + 14. Let x be z(10). Calculate n(x).
-6
Let a(o) = o + 16. Let n be a(-12). Let x(b) = b**3 - 5*b**2 + 5*b. What is x(n)?
4
Let w(y) = 2 + 6*y - y**2 + 1 + 2*y**2. Let q = 9 + -15. Determine w(q).
3
Suppose 14 = -2*s - 4*g, 2*s - 3*g - 4 = 17. Suppose s*o + o = 8. Let b(j) = 2*j**2 + j - 2. Calculate b(o).
8
Suppose -u - u = 0. Let v(w) = -3*w + 2 + 1 + u*w. Let a be (-8)/(-6)*21/14. Determine v(a).
-3
Let x(m) = m**3 + 218 - 3*m**2 - 214 - 2*m - 3*m**2. Give x(6).
-8
Let f(o) = o**2 - 6*o - 1. Let n(h) = 0*h**2 + 6*h + 7*h - 5*h**2 + 2*h**2 + 3. Let u(p) = -5*f(p) - 2*n(p). What is u(-3)?
-4
Let c(l) be the second derivative of l**4/4 - l**3/6 - l**2 - 25*l. Give c(2).
8
Let h = -5 - -7. Let l(r) = -2*r**2 - 7*r. Let c(s) = 3*s**2 + 13*s - 1. Let a(g) = 3*c(g) + 5*l(g). Determine a(h).
1
Let z(i) be the third derivative of -i**6/120 + i**5/30 + i**4/6 - i**3/3 + 3*i**2. Determine z(3).
1
Let w(v) be the third derivative of v**5/60 - v**4/12 - v**2. Let i = 19 - 13. Let n be 26/(-39)*i/(-2). Determine w(n).
0
Let n be 0*1/2 + -2. Let j(f) = -f**3 - 4*f**2 - 1. Give j(n).
-9
Let w(n) = -n**2 - 6*n - 5. Let f(x) = x**3 - 6*x**2 + 4*x - 1. Let y be f(5). Give w(y).
-5
Let d(b) = -3*b**2 + 2*b - 1. Suppose -w + 5*f = 4*w - 30, -f = 5. Give d(w).
-2
Suppose 0*n + n = 0. Suppose n*z + 3*z + 9 = 0. Let y = z + 4. Let c(f) = -8*f**2. Give c(y).
-8
Let w(i) = -21*i + 7. Let s(r) = 7*r - 2. Let h(c) = 7*s(c) + 2*w(c). Let f = 10 + -9. What is h(f)?
7
Let i(v) = v**2 - v + 5. Let h = -6 - 2. Let j be (-4 - -4)*(-2)/h. Give i(j).
5
Let b be 1/(-4 + (-28)/(-8)) + -1. Let y(s) be the third derivative of 0*s - 1/30*s**5 - 1/6*s**4 + 0 + 1/6*s**3 - 2*s**2. Determine y(b).
-5
Let v(c) = -c + 8. Suppose 4*w + n = -24 - 10, -5*w = -3*n + 51. Let m be (-52)/w + 4/18. Calculate v(m).
2
Let r(j) be the second derivative of -j**5/20 - 2*j**4/3 - j**3 - 3*j**2 + 2*j. What is r(-7)?
-13
Let h = 171 - 165. Let f(x) = -x**2 + 9*x - 1. What is f(h)?
17
Suppose 5*i = 7 - 27. Let q(k) = k**3 + 4*k**2 + k - 2. Give q(i).
-6
Let h(q) be the second derivative of -2*q**5/5 - q**4/12 + q**2/2 - 36*q. Let m = 3 - 4. Calculate h(m).
8
Let w(g) = 2*g**2 - 3*g - 3. Suppose 8 = -3*c + 7*c. Suppose -3*n = 2*a + 7, -c*a + 4*n - 6 = 3*a. Give w(a).
11
Let g(x) = -8*x**3 - x**2 - x + 1. Let b(q) = q**2 + 8*q + 8. Let p be b(-7). Calculate g(p).
-9
Let c(o) be the third derivative of -o**5/60 - o**4/6 + o**3/2 - 12*o**2. Give c(-4).
3
Suppose l = -0*l + 8. Let g be 2 - l/(-3 + 7).